(-43)/x.
43
Let p(a) = -a**3 - 30*a**2 - 13*a + 194. List the prime factors of p(-32).
2, 3, 443
Suppose -5*f - 3*g + 388 = 0, -f + 2*f - 75 = 2*g. Let h = 189 - f. List the prime factors of h.
2, 7
Let i be (-1 - 1)*17/34. List the prime factors of (-5 - (1 + i)) + 242.
3, 79
Suppose 2 - 4 = v. Let s be (v + 0)*(0 - 3). List the prime factors of (-4)/s*(-63)/14.
3
Let r = -498 + 947. What are the prime factors of r?
449
Suppose 4*f = 8 + 40. Let j be 6/9 - 224/f. What are the prime factors of (-4)/(j/8 + 2)?
2
Let g(s) = s**3 - 6*s**2 + 3*s - 13. Let o be g(6). Suppose -5*r - o*m + m = -897, 4*r = -2*m + 720. What are the prime factors of r?
181
Let n = 190 + -127. What are the prime factors of 1/(-2) - n/(-2)?
31
Let x be 58 - ((-1 - 1) + 0). Let z be (-3 - -3 - -28) + -1. Let d = x - z. What are the prime factors of d?
3, 11
Suppose 2*n - 3*q - 399 = 59, 4*q - 472 = -2*n. What are the prime factors of n?
2, 29
Suppose 2 = -3*u + 71. Suppose -z + u = -10. What are the prime factors of z?
3, 11
Let y(s) = s**3 + 4*s**2 - 3*s - 16. Let b be y(-6). Let f = -36 - b. What are the prime factors of f?
2, 17
Let p = 3960 + 27. What are the prime factors of p?
3, 443
Let s(a) = a**3 - 8*a**2 + 4*a + 5. Let t be s(5). Let p = t - -124. What are the prime factors of p?
2, 37
Let h(m) = -m**3 - 5*m**2 - 5*m + 8. Let u be h(-6). Let o(x) = 6*x**2 + 0 + 6 - u*x**3 - 3*x + 75*x**3. What are the prime factors of o(-6)?
2, 3
Suppose i - 13 = 5*x, x = 2*i + 4*x - 13. Suppose -6 = 2*j - i. List the prime factors of (-1)/(j - 92/90).
3, 5
What are the prime factors of 426/(4 + -5 + 2)?
2, 3, 71
Let z(t) = -4*t + 218. What are the prime factors of z(-15)?
2, 139
Let b(o) = -4 + 24*o - 26*o + 0. Let y be b(-4). Suppose -y*x + 0*x + 5*s = -134, x = -5*s + 46. What are the prime factors of x?
2, 3
Suppose 4*f - d = -6*d + 17157, 4*f - d = 17151. What are the prime factors of f?
2, 67
Let z = -22 + 584. What are the prime factors of z?
2, 281
Let k = -79 - -75. List the prime factors of (-10)/(-4)*38/k*-8.
2, 5, 19
Suppose -3*k = 3*w - 2784, 4*k - w - 4646 = -k. List the prime factors of k.
929
Suppose -2*m + h = -104, 0*m - h - 54 = -m. Let q = m + 216. List the prime factors of q.
2, 7, 19
Let z(u) = -1. Let y(p) = -p**2 - 11*p + 7. Let k(v) = y(v) - 3*z(v). List the prime factors of k(-6).
2, 5
Let w(s) = -s**3 + 7*s**2 + 4. Let z be w(7). Suppose 0*j = -j + z. Suppose -4*h + 12 = 0, 0*l + j*l - 131 = 3*h. What are the prime factors of l?
5, 7
Let y = 7 + -3. Suppose y*s = -4*c, -2 = c + 3*c + 5*s. What are the prime factors of c?
2
Suppose -2*v = -413 - 181. What are the prime factors of v?
3, 11
Suppose -2*i + 2*q = -982, 2*i - 9*q - 976 = -5*q. What are the prime factors of i?
2, 13, 19
Let d(a) = 3 + 2 - 44*a + 26 - 7. What are the prime factors of d(-4)?
2, 5
List the prime factors of (-322)/4*(-26)/13.
7, 23
Suppose 0 = -j + 4*d + 35 - 11, -1 = j + d. List the prime factors of (261/(-6))/((-6)/j + 1).
3, 29
Suppose 0 = 10*k - 33 - 7. Suppose 0 = r + g - 5*g - 167, -k*g = 5*r - 859. List the prime factors of r.
3, 19
Let r = 7 + -2. Suppose 2*i - 130 = -4*q + i, r*q - 155 = -5*i. List the prime factors of q.
3, 11
Let m(x) = 4*x - 5*x + x + x. Let t be m(5). Suppose -t*q + 2*q = -123. List the prime factors of q.
41
Suppose 32 = -5*l + 92. Let k(j) = -7*j - l + 8*j + 2*j. List the prime factors of k(8).
2, 3
Let s be 600/(-33) - (-4)/22. List the prime factors of (-1896)/s - 2/(-3).
2, 53
Suppose -4*y = -3*t + 31, 2*t - 7 = 3*t + 3*y. Suppose t*d + 123 = 8*d. What are the prime factors of d?
41
Let a(z) = -z**3 - 13*z**2 - 13*z - 7. Let k be a(-12). Suppose k*v - 252 = 323. Suppose 2*r - v + 15 = 0. List the prime factors of r.
2, 5
What are the prime factors of 450 - (-5 + 7 - 6)?
2, 227
Suppose -20*o = 189 - 789. What are the prime factors of o?
2, 3, 5
Let b = -380 + 143. Let m = 357 + b. What are the prime factors of m?
2, 3, 5
Let r be 52/(-234) - 158/18. What are the prime factors of (6/r)/(3/(-108))?
2, 3
Suppose -5*l + 88 = h, 10*h - 8*h = -5*l + 86. List the prime factors of l.
2, 3
Let f = 8 - 4. Suppose -3*y - r = r - f, y - 6 = -3*r. Suppose 0 = -4*d - y*d + 80. List the prime factors of d.
2, 5
Suppose -7*o + 1794 - 254 = 0. Let c = o - -93. List the prime factors of c.
313
Suppose -2*n = 2*m, -3*n = -5*m - 4*n. Suppose -2*f + m*f - 28 = 0. What are the prime factors of 4/f - (-405)/21?
19
Suppose -w = -2*p - 2*w - 7, -4*p + 5*w = -7. List the prime factors of ((-87)/p)/((-5)/(40/(-3))).
2, 29
Suppose 12*j - 104 = 40. Let r(a) = 2*a**3 - 2*a**2 + 3*a - 3. Let x be r(2). Suppose j*o = x*o + 19. List the prime factors of o.
19
Let j(o) = -o**3 - o**2 + o + 2. Let g(h) = h + 13. Let w be g(-15). Let i be j(w). List the prime factors of (47/i)/(3/12).
47
Let x(p) = -235*p - 3. What are the prime factors of x(-2)?
467
Let h be (-84)/(-147) + (-248)/(-7). Let k be (-12)/h - 52/6. Let x = 33 + k. List the prime factors of x.
2, 3
What are the prime factors of 54*10/4 + -4?
131
Let x(c) = -15*c - 12 - 11*c + 58*c. What are the prime factors of x(3)?
2, 3, 7
Suppose -326*r + 7766 = -315*r. What are the prime factors of r?
2, 353
Suppose 0 = 21*s - 26*s + 395. Suppose s*v - 238 = 72*v. What are the prime factors of v?
2, 17
Let j(b) = 1 + 0*b**3 + b**3 - 2*b + 2*b**2 + b**3. Let i(x) = x**3 + 4*x**2 - 6*x - 4. Let h be i(-5). List the prime factors of j(h).
3
Suppose 0 = -4*s + 20 + 4. Let y(z) = 6*z + 7*z - 3*z + 13 - z + z. What are the prime factors of y(s)?
73
Suppose -4*t - 245 = t - h, 177 = -4*t - 3*h. Let b = 50 + -63. Let x = b - t. What are the prime factors of x?
5, 7
Let h(f) = 96*f + 7. Let k be h(3). Suppose k + 665 = -5*i. List the prime factors of 12/42 - i/14.
2, 7
Suppose -21*w - 12558 + 36645 = 0. List the prime factors of w.
31, 37
Suppose 13*p - 42688 = -33*p. List the prime factors of p.
2, 29
Let z = 13 - 8. Suppose z*r - t = -2*t + 217, t + 179 = 4*r. List the prime factors of r.
2, 11
Let x(t) = t - 14. Let h be x(8). Let p(f) = 10*f**2 - 2*f + 12. Let g be p(h). Suppose 5*b = g - 24. List the prime factors of b.
2, 3
Suppose 0 = -q + 10 + 6. Let t(b) = -b**2 + 6*b - 3. Let p be t(5). Let u = q + p. List the prime factors of u.
2, 3
Let c = 9185 - 4331. What are the prime factors of c?
2, 3, 809
Let n(h) = -5*h. Let r(q) = -11*q. Let p(g) = 9*n(g) - 4*r(g). Let l be p(-10). Suppose 4*s - l - 58 = 0. List the prime factors of s.
17
Let k = -12 + 8. Suppose -52*v - 36 = -56*v. Let f = k + v. List the prime factors of f.
5
Suppose w = -3*w + 120. Suppose w = -0*m + 5*m. List the prime factors of m.
2, 3
Let y = 282 - 43. List the prime factors of y.
239
Let j(g) = -8*g + 25. Let a be j(10). Let z = a - -105. List the prime factors of z.
2, 5
Suppose 454 = 2*i - 2*r, 4*i - 14 = r + 903. What are the prime factors of i?
2, 5, 23
Let y(o) = -o**3 + 11*o**2 + o - 7. Let q be y(11). Let b be -147*q/(-24)*2. Suppose b = 2*r + 5. List the prime factors of r.
2, 11
Let u(i) = 4*i**2 + 8*i - 31. Suppose 0 + 48 = -6*y. List the prime factors of u(y).
7, 23
Let r(i) be the first derivative of i**4/4 + 7*i**3/3 - 2*i**2 + 7*i - 2. What are the prime factors of r(-7)?
5, 7
List the prime factors of 28/((-7)/(-28) - 0).
2, 7
List the prime factors of (-21 + -835)/(1 + -2).
2, 107
Let n(k) = -63*k - 22. Let o be n(-16). Suppose -w + 3*t - o = -5*w, -5*w + t + 1223 = 0. Suppose 4*i - w + 93 = 0. List the prime factors of i.
2, 19
Suppose 3*h + 4*o = 0, 3*o - 2*o + 3 = 0. Let u(w) = h*w - 7*w + w + 2. List the prime factors of u(-10).
2, 11
Suppose 3*l = -3*r + 21, 25 + 2 = l + 5*r. Suppose -4*d - 592 = -4*k, -2*k + l*d + 2*d = -302. What are the prime factors of k?
5, 29
Let o(u) be the second derivative of u**4/6 - 5*u**3/2 + 7*u**2 + 22*u. What are the prime factors of o(14)?
2, 7
Suppose 2*t = a - 3*a + 154, 4*t - 4*a = 268. Suppose -t = 18*w - 20*w. List the prime factors of w.
2, 3
Suppose -2*h = 3*k - 17507, 0 = -2*k + 3*h + 4035 + 7619. List the prime factors of k.
19, 307
Let a = 129 + -164. Suppose 3*z = 170 - 38. Let q = z + a. List the prime factors of q.
3
Let t = 144 - 47. Let d = 22 + t. What are the prime factors of d?
7, 17
What are the prime factors of (-9)/(-6) + 6 + 67352/16?
4217
Let z = -75 + 33. Let n = 13 - z. List the pr